10 - -1220310333330?
1220311000000
In base 9, what is -118 + -77560?
-77678
In base 13, what is -2197864 + 5?
-219785c
In base 13, what is -bb259 + 0?
-bb259
In base 16, what is -2a + 62455?
6242b
In base 10, what is 1790108 - -10?
1790118
In base 5, what is 220043323 + -3?
220043320
In base 9, what is -5414163 - 554?
-5414727
In base 10, what is -2296336 + 51?
-2296285
In base 14, what is -96c71245 - -5?
-96c71240
In base 6, what is 3303055005 + -23?
3303054542
In base 3, what is -121 - -1210020210200?
1210020210002
In base 16, what is -3 - a349bf0?
-a349bf3
In base 3, what is 0 + 110101220122?
110101220122
In base 12, what is -2ba79bb2 - 3?
-2ba79bb5
In base 12, what is 911 + -763?
16a
In base 4, what is 20 + -1023322230302?
-1023322230222
In base 6, what is -4 + 12121443200?
12121443152
In base 6, what is 200524124 - -5?
200524133
In base 13, what is 55bc17 + 36?
55bc50
In base 11, what is -17 - 27047698?
-27047704
In base 8, what is -2165 + 5241330?
5237143
In base 16, what is 1972 + 2f80?
48f2
In base 4, what is -1 + 12312211310?
12312211303
In base 7, what is -4 - 10662101?
-10662105
In base 12, what is -b74 - a41a?
-b392
In base 11, what is -10 + -31381104?
-31381114
In base 12, what is 27 + 55626?
55651
In base 9, what is 4 + -241218?
-241214
In base 10, what is 259633 + -33?
259600
In base 8, what is -2 - -1457663744?
1457663742
In base 7, what is 25560605 + 163?
25561101
In base 13, what is 8 - 278b05ca?
-278b05c2
In base 16, what is e2a1 - 2ac?
dff5
In base 15, what is 2 - 819898c?
-819898a
In base 3, what is -111120221 + 120121?
-111000100
In base 6, what is -2 - -22305151?
22305145
In base 3, what is -10222221 + -120211100?
-201211021
In base 12, what is -113 - -147198?
147085
In base 13, what is 5 + 1c8a156?
1c8a15b
In base 6, what is -1010322 + -135?
-1010501
In base 7, what is -1266 - -111141?
106542
In base 3, what is -120221 + 2200212200?
2200021202
In base 13, what is 536c1 + 29?
5371a
In base 2, what is 1000 - 10000100110010100010000?
-10000100110010100001000
In base 10, what is -10015 - -204?
-9811
In base 16, what is 12885e + 3c1?
128c1f
In base 15, what is -283 + 5a5c?
57c9
In base 11, what is 109555 - -43a2?
112947
In base 4, what is -101203330 + 2123?
-101201201
In base 10, what is 7150607 + -2?
7150605
In base 10, what is 110746 + -5948?
104798
In base 6, what is 1312 - -3342241?
3343553
In base 6, what is 2401 - 10314040?
-10311235
In base 8, what is -24 - 7205724?
-7205750
In base 16, what is b40 - -449?
f89
In base 6, what is 0 - -224543324?
224543324
In base 9, what is -20585180 + 2?
-20585177
In base 16, what is -3 - -2ba242?
2ba23f
In base 7, what is -4 - 20321140?
-20321144
In base 5, what is 3201 + 1402132?
1410333
In base 2, what is 101010111011010000 - -10000101?
101010111101010101
In base 4, what is 103031131302331 + 3?
103031131303000
In base 2, what is -11001100001101010111101001001 + 0?
-11001100001101010111101001001
In base 2, what is -1110 + 10111010010101000010?
10111010010100110100
In base 5, what is 223 - 313000421?
-313000143
In base 7, what is -21543504 - -1011?
-21542463
In base 14, what is -5c8 - -1255d?
11d75
In base 10, what is 51177 + -1237?
49940
In base 10, what is -62419921 + 4?
-62419917
In base 5, what is 34440 + -112301?
-22311
In base 15, what is ae29 + -21?
ae08
In base 5, what is -4 - 11313441211?
-11313441220
In base 10, what is -378827 - 1618?
-380445
In base 9, what is 45144 + -106?
45037
In base 12, what is -1758 - 646a?
-8006
In base 3, what is -110200222220 + -110?
-110201000100
In base 11, what is 11 + -24076498?
-24076487
In base 2, what is 10000001110 + 110111000010?
1000111010000
In base 13, what is 13907 - -5c3?
141ca
In base 7, what is 1215023 - -35?
1215061
In base 9, what is 4 + -1741770?
-1741765
In base 2, what is -111111110 + -100101010011001110?
-100101011011001100
In base 8, what is -3 + 2133235?
2133232
In base 2, what is -101010010000010 + 111111111011?
-100010010000111
In base 12, what is -5 + -3076077?
-3076080
In base 2, what is -10000111110011000111 - -11000100?
-10000111110000000011
In base 2, what is -1010000000111011 + -1?
-1010000000111100
In base 13, what is -3 - -141b636a?
141b6367
In base 15, what is -78 - 31cce?
-31d57
In base 3, what is 1100021022121 + 212?
1100021100110
In base 10, what is 620640 + 183?
620823
In base 5, what is 400034001 - 1?
400034000
In base 3, what is 12 + -2200012121011220?
-2200012121011201
In base 6, what is 101 + -12313423?
-12313322
In base 2, what is 10001110000011 + -1001010000110001?
-111000010101110
In base 9, what is 7342 - 63?
7268
In base 7, what is 3 + -2035534300?
-2035534264
In base 13, what is -a410a14 + 12?
-a410a02
In base 11, what is 9994 + -10753?
-186a
In base 12, what is 237b762 + 19?
237b77b
In base 16, what is d49d + -1489?
c014
In base 7, what is 530304245 - -5?
530304253
In base 3, what is 122 - 101102112211?
-101102112012
In base 14, what is 4 - 2289976?
-2289972
In base 6, what is -3 - 130?
-133
In base 16, what is 23 - e913?
-e8f0
In base 12, what is 360394 - 4?
360390
In base 15, what is -51 + -508aa2?
-508b03
In base 3, what is -22002020 - -101112021?
2110001
In base 11, what is -545 + -8a56?
-94a0
In base 13, what is -6b749c - a?
-6b74a9
In base 16, what is 2b + 1b433?
1b45e
In base 12, what is -2b9b203 + 4?
-2b9b1bb
In base 12, what is 3 + 2123096?
2123099
In base 9, what is 8 + -2761641?
-2761632
In base 16, what is 3fe2 - 1e4?
3dfe
In base 6, what is -14403214221 - -1?
-14403214220
In base 7, what is 60 + 100113133?
100113223
In base 16, what is 3 - 31f782?
-31f77f
In base 10, what is -3616895 - 4?
-3616899
In base 12, what is 127857bb - -1?
12785800
In base 8, what is 30 - 2453721?
-2453671
In base 5, what is 100044 + -2013423?
-1413324
In base 7, what is 11 - -3546061?
3546102
In base 10, what is -227836 - 75?
-227911
In base 11, what is -4656538 + -1?
-4656539
In base 4, what is -12 + -2232002103102?
-2232002103120
In base 5, what is -204221 + 41114?
-113102
In base 10, what is 2556 - -13163?
15719
In base 7, what is -210445 - 34026?
-244504
In base 16, what is -149 - 5df1?
-5f3a
In base 4, what is 101101131 - 302331?
100132200
In base 16, what is 1b - -24179?
24194
In base 3, what is -2002121222020000 + 211?
-2002121222012012
In base 9, what is -2038470 + -27?
-2038507
In base 11, what is 0 - -621165?
621165
In base 4, what is -301303 - -31200?
-210103
In base 11, what is -81 - 13509?
-1358a
In base 2, what is 110110110011000 + -10100?
110110110000100
In base 15, what is -1d336 + -5c?
-1d393
In base 5, what is -2244304 + -230?
-2300034
In base 4, what is 321 + -120121320031?
-120121313110
In base 13, what is 125a0846 - 3?
125a0843
In base 2, what is 1010011110 - -10001011111100011?
10001101010000001
In base 3, what is -221012121 + 1010?
-221011111
In base 14, what is 160 + -d513?
-d393
In base 4, what is -322010010 + -232?
-322010302
In base 11, what is -aa6a - -67?
-aa03
In base 13, what is -197 + -18623?
-187ba
In base 3, what is -21102102010100 - 120?
-21102102010220
In base 4, what is 2 + 31033301222?
31033301230
In base 14, what is 4b49314 + 4?
4b49318
In base 6, what is -111552 - 25331?
-141323
In base 16, what is 431 + -14d?
2e4
In base 8, what is 0 - -466374702?
466374702
In base 16, what is 4 + 306880e?
3068812
In base 11, what is 162981970 - 1?
16298196a
In base 8, what is 1 + -55174446?
-55174445
In base 12, what is -5a1a16a + 8?
-5a1a162
In base 3, what is 0 - 100210002020222?
-100210002020222
In base 15, what is 7c + 9c8b?
9d18
In base 2, what is -1 - 1000100000010111111000011?
-1000100000010111111000100
In base 13, what is 2 - 272521?
-27251c
In base 13, what is -62092b - 76?
-6209a4
In base 7, what is -15102102 + 20?
-15102052
In base 6, what is 12323 + 2314?
15041
In base 12, what is 10 - 338045a?
-338044a
In base 6, what is 11254151401 - 5?
11254151352
In base 11, what is 1043 + 58467?
594aa
In base 3, what is -11011100010220010 - 0?
-11011100010220010
In base 12, what is -10a8a0479 + -1?
-10a8a047a
In base 2, what is 1111001101000101010010001 + -101?
1111001101000101010001100
In base 16, what is 21df9a - 0?
21df9a
In base 6, what is 343 - -23114515?
23115302
In base 7, what is 3556 + 23521?
30410
In base 5, what is 100 + -1230141410?
-1230141310
In base 7, what is 5 -